of 44585.
5, 37, 241
List the prime factors of 7459.
7459
List the prime factors of 1098.
2, 3, 61
What are the prime factors of 34911?
3, 431
List the prime factors of 3209.
3209
List the prime factors of 3616.
2, 113
List the prime factors of 106841.
7, 15263
List the prime factors of 1124.
2, 281
List the prime factors of 88.
2, 11
List the prime factors of 34467.
3, 11489
List the prime factors of 82988.
2, 20747
What are the prime factors of 84928?
2, 1327
What are the prime factors of 3602?
2, 1801
List the prime factors of 2280.
2, 3, 5, 19
List the prime factors of 952.
2, 7, 17
What are the prime factors of 8269?
8269
What are the prime factors of 4117?
23, 179
What are the prime factors of 16273?
16273
What are the prime factors of 7084?
2, 7, 11, 23
List the prime factors of 32648.
2, 7, 11, 53
List the prime factors of 3627.
3, 13, 31
What are the prime factors of 878?
2, 439
List the prime factors of 2050.
2, 5, 41
List the prime factors of 1909.
23, 83
What are the prime factors of 51705?
3, 5, 383
What are the prime factors of 140805?
3, 5, 7, 149
What are the prime factors of 7989?
3, 2663
List the prime factors of 971.
971
List the prime factors of 58720.
2, 5, 367
List the prime factors of 2251.
2251
What are the prime factors of 2148?
2, 3, 179
What are the prime factors of 3584?
2, 7
What are the prime factors of 46431?
3, 7, 11, 67
What are the prime factors of 1204?
2, 7, 43
What are the prime factors of 183?
3, 61
List the prime factors of 2609.
2609
What are the prime factors of 791?
7, 113
List the prime factors of 35372.
2, 37, 239
What are the prime factors of 4730?
2, 5, 11, 43
List the prime factors of 73242.
2, 3, 13, 313
What are the prime factors of 6942?
2, 3, 13, 89
What are the prime factors of 2789?
2789
What are the prime factors of 8089?
8089
List the prime factors of 30166.
2, 15083
List the prime factors of 1000.
2, 5
What are the prime factors of 81439?
81439
What are the prime factors of 1848?
2, 3, 7, 11
List the prime factors of 70526.
2, 179, 197
What are the prime factors of 11535?
3, 5, 769
List the prime factors of 763.
7, 109
List the prime factors of 26872.
2, 3359
List the prime factors of 115675.
5, 7, 661
What are the prime factors of 4489?
67
List the prime factors of 3074.
2, 29, 53
List the prime factors of 102745.
5, 20549
What are the prime factors of 4753?
7, 97
List the prime factors of 180.
2, 3, 5
List the prime factors of 1958.
2, 11, 89
List the prime factors of 12254.
2, 11, 557
List the prime factors of 301.
7, 43
What are the prime factors of 1338?
2, 3, 223
What are the prime factors of 1366?
2, 683
List the prime factors of 33693.
3, 11, 1021
What are the prime factors of 1211?
7, 173
What are the prime factors of 202?
2, 101
What are the prime factors of 217?
7, 31
List the prime factors of 12783.
3, 4261
What are the prime factors of 16396?
2, 4099
What are the prime factors of 1315?
5, 263
List the prime factors of 6189.
3, 2063
List the prime factors of 113650.
2, 5, 2273
What are the prime factors of 1254?
2, 3, 11, 19
List the prime factors of 2810.
2, 5, 281
List the prime factors of 52421.
19, 31, 89
What are the prime factors of 11817?
3, 13, 101
What are the prime factors of 14003?
11, 19, 67
List the prime factors of 46216.
2, 53, 109
What are the prime factors of 2975?
5, 7, 17
List the prime factors of 2939.
2939
List the prime factors of 364.
2, 7, 13
What are the prime factors of 4311?
3, 479
List the prime factors of 11878.
2, 5939
List the prime factors of 19646.
2, 11, 19, 47
List the prime factors of 1727.
11, 157
What are the prime factors of 1735?
5, 347
List the prime factors of 593.
593
What are the prime factors of 11158?
2, 7, 797
List the prime factors of 10625.
5, 17
What are the prime factors of 27628?
2, 6907
List the prime factors of 6170.
2, 5, 617
What are the prime factors of 9001?
9001
List the prime factors of 36.
2, 3
List the prime factors of 2051.
7, 293
What are the prime factors of 56976?
2, 3, 1187
List the prime factors of 8240.
2, 5, 103
What are the prime factors of 2243?
2243
What are the prime factors of 5869?
5869
What are the prime factors of 7452?
2, 3, 23
What are the prime factors of 27724?
2, 29, 239
What are the prime factors of 51087?
3, 17029
List the prime factors of 93457.
7, 13, 79
List the prime factors of 48283.
53, 911
List the prime factors of 15333.
3, 19, 269
What are the prime factors of 52665?
3, 5, 3511
What are the prime factors of 9998?
2, 4999
What are the prime factors of 109664?
2, 23, 149
List the prime factors of 3134.
2, 1567
What are the prime factors of 139367?
139367
What are the prime factors of 26540?
2, 5, 1327
List the prime factors of 27222.
2, 3, 13, 349
What are the prime factors of 371?
7, 53
List the prime factors of 4215.
3, 5, 281
List the prime factors of 91573.
91573
List the prime factors of 2232.
2, 3, 31
What are the prime factors of 5045?
5, 1009
List the prime factors of 4399.
53, 83
What are the prime factors of 12627?
3, 23, 61
List the prime factors of 265.
5, 53
What are the prime factors of 1858?
2, 929
List the prime factors of 3377.
11, 307
List the prime factors of 57303.
3, 6367
List the prime factors of 8739.
3, 971
What are the prime factors of 15654?
2, 3, 2609
List the prime factors of 44296.
2, 7, 113
List the prime factors of 1073.
29, 37
List the prime factors of 4252.
2, 1063
What are the prime factors of 2269?
2269
What are the prime factors of 108?
2, 3
What are the prime factors of 3078?
2, 3, 19
List the prime factors of 15310.
2, 5, 1531
What are the prime factors of 42221?
42221
What are the prime factors of 6737?
6737
List the prime factors of 1701.
3, 7
List the prime factors of 45972.
2, 3, 1277
What are the prime factors of 1389?
3, 463
List the prime factors of 497.
7, 71
What are the prime factors of 21186?
2, 3, 11, 107
What are the prime factors of 1347?
3, 449
What are the prime factors of 22591?
19, 29, 41
What are the prime factors of 105611?
11, 9601
List the prime factors of 4112.
2, 257
What are the prime factors of 6162?
2, 3, 13, 79
List the prime factors of 26711.
26711
What are the prime factors of 13848?
2, 3, 577
What are the prime factors of 91778?
2, 109, 421
List the prime factors of 56261.
127, 443
List the prime factors of 63.
3, 7
List the prime factors of 7149.
3, 2383
What are the prime factors of 8588?
2, 19, 113
List the prime factors of 3652.
2, 11, 83
List the prime factors of 452.
2, 113
List the prime factors of 11689.
11689
What are the prime factors of 2805?
3, 5, 11, 17
What are the prime factors of 610?
2, 5, 61
List the prime factors of 161.
7, 23
What are the prime factors of 536?
2, 67
What are the prime factors of 56495?
5, 11299
What are the prime factors of 4295?
5, 859
List the prime factors of 885.
3, 5, 59
List the prime factors of 123378.
2, 3, 20563
What are the prime factors of 3332?
2, 7, 17
What are the prime factors of 1089?
3, 11
What are the prime factors of 6806?
2, 41, 83
List the prime factors of 6182.
2, 11, 281
List the prime factors of 41322.
2, 3, 71, 97
List the prime factors of 1081.
23, 47
What are the prime factors of 5125?
5, 41
What are the prime factors of 66397?
67, 991
What are the prime factors of 12998?
2, 67, 97
What are the prime factors of 85029?
3, 7, 4049
What are the prime factors of 4683?
3, 7, 223
What are the prime factors of 7290?
2, 3, 5
What are the prime factors of 4101?
3, 1367
List the prime factors of 14792.
2, 43
What are the prime factors of 2606?
2, 1303
What are the prime factors of 14322?
2, 3, 7, 11, 31
What are the prime factors of 69715?
5, 73, 191
List the prime factors of 777.
3, 7, 37
List the prime factors of 8905.
5, 13, 137
What are the prime factors of 156352?
2, 7, 349
What are the prime factors of 72099?
3, 8011
List the prime factors of 14229.
3, 17, 31
List the prime factors of 216.
2, 3
What are the prime factors of 20918?
2, 10459
List the prime factors of 42303.
3, 59, 239
List the prime factors of 77968.
2, 11, 443
What are the prime factors of 2042?
2, 1021
List the prime factors of 91007.
7, 13001
List the prime factors of 1968.
2, 3, 41
List the prime factors of 37982.
2, 7, 2713
List the prime factors of 22142.
2, 11071
What are the prime f